{"id":4584,"date":"2024-04-16T11:24:33","date_gmt":"2024-04-16T14:24:33","guid":{"rendered":"https:\/\/mariapaulaclothes.com\/?post_type=product&#038;p=4584"},"modified":"2025-07-30T22:08:44","modified_gmt":"2025-07-31T01:08:44","slug":"blazer-cuero","status":"publish","type":"product","link":"https:\/\/mariapaulaclothes.com\/index.php\/product\/blazer-cuero\/","title":{"rendered":"Blazer cuero"},"content":{"rendered":"<p>Blazer cuero ecol\u00f3gico, con forreria interna, bolsillos con solapa y detalle de bot\u00f3n con strass frontal. Botones forrados en pu\u00f1os. Corte cl\u00e1sico.<\/p>\n<p>Talle S \/ Talle M \/ Talle L.<\/p>\n<p>Colores: Negro \/ Marr\u00f3n.<\/p>\n","protected":false},"excerpt":{"rendered":"<p>Blazer cuero ecol\u00f3gico, con forreria interna, bolsillos con solapa y detalle de bot\u00f3n con strass frontal. Botones forrados en pu\u00f1os. Corte cl\u00e1sico. Talle S \/ Talle M \/ Talle L. Colores: Negro \/ Marr\u00f3n.<\/p>\n","protected":false},"featured_media":4719,"template":"","meta":{"site-sidebar-layout":"default","site-content-layout":"default","ast-global-header-display":"","ast-main-header-display":"","ast-hfb-above-header-display":"","ast-hfb-below-header-display":"","ast-hfb-mobile-header-display":"","site-post-title":"","ast-breadcrumbs-content":"","ast-featured-img":"","footer-sml-layout":"","theme-transparent-header-meta":"default","adv-header-id-meta":"","stick-header-meta":"","header-above-stick-meta":"","header-main-stick-meta":"","header-below-stick-meta":"","_themeisle_gutenberg_block_has_review":false},"pwb-brand":[],"product_cat":[19,105,26],"product_tag":[],"brands":[],"_links":{"self":[{"href":"https:\/\/mariapaulaclothes.com\/index.php\/wp-json\/wp\/v2\/product\/4584"}],"collection":[{"href":"https:\/\/mariapaulaclothes.com\/index.php\/wp-json\/wp\/v2\/product"}],"about":[{"href":"https:\/\/mariapaulaclothes.com\/index.php\/wp-json\/wp\/v2\/types\/product"}],"wp:featuredmedia":[{"embeddable":true,"href":"https:\/\/mariapaulaclothes.com\/index.php\/wp-json\/wp\/v2\/media\/4719"}],"wp:attachment":[{"href":"https:\/\/mariapaulaclothes.com\/index.php\/wp-json\/wp\/v2\/media?parent=4584"}],"wp:term":[{"taxonomy":"pwb-brand","embeddable":true,"href":"https:\/\/mariapaulaclothes.com\/index.php\/wp-json\/wp\/v2\/pwb-brand?post=4584"},{"taxonomy":"product_cat","embeddable":true,"href":"https:\/\/mariapaulaclothes.com\/index.php\/wp-json\/wp\/v2\/product_cat?post=4584"},{"taxonomy":"product_tag","embeddable":true,"href":"https:\/\/mariapaulaclothes.com\/index.php\/wp-json\/wp\/v2\/product_tag?post=4584"}],"curies":[{"name":"wp","href":"https:\/\/api.w.org\/{rel}","templated":true}]}}