{"id":8386,"date":"2026-03-14T02:59:27","date_gmt":"2026-03-14T05:59:27","guid":{"rendered":"https:\/\/mariapaulaclothes.com\/?post_type=product&#038;p=8386"},"modified":"2026-03-26T19:41:01","modified_gmt":"2026-03-26T22:41:01","slug":"remera-doble-algodon-spandex","status":"publish","type":"product","link":"https:\/\/mariapaulaclothes.com\/index.php\/product\/remera-doble-algodon-spandex\/","title":{"rendered":"Remera doble algod\u00f3n spandex"},"content":{"rendered":"<p>Remera b\u00e1sica mangas cortas, doble algod\u00f3n, textura afelpada, mucho spandex y bien calce!<\/p>\n","protected":false},"excerpt":{"rendered":"<p>Remera b\u00e1sica mangas cortas, doble algod\u00f3n, textura afelpada, mucho spandex y bien calce!<\/p>\n","protected":false},"featured_media":8387,"template":"","meta":{"site-sidebar-layout":"default","site-content-layout":"default","ast-global-header-display":"","ast-main-header-display":"","ast-hfb-above-header-display":"","ast-hfb-below-header-display":"","ast-hfb-mobile-header-display":"","site-post-title":"","ast-breadcrumbs-content":"","ast-featured-img":"","footer-sml-layout":"","theme-transparent-header-meta":"default","adv-header-id-meta":"","stick-header-meta":"","header-above-stick-meta":"","header-main-stick-meta":"","header-below-stick-meta":"","_themeisle_gutenberg_block_has_review":false},"pwb-brand":[],"product_cat":[102,21],"product_tag":[],"brands":[],"_links":{"self":[{"href":"https:\/\/mariapaulaclothes.com\/index.php\/wp-json\/wp\/v2\/product\/8386"}],"collection":[{"href":"https:\/\/mariapaulaclothes.com\/index.php\/wp-json\/wp\/v2\/product"}],"about":[{"href":"https:\/\/mariapaulaclothes.com\/index.php\/wp-json\/wp\/v2\/types\/product"}],"wp:featuredmedia":[{"embeddable":true,"href":"https:\/\/mariapaulaclothes.com\/index.php\/wp-json\/wp\/v2\/media\/8387"}],"wp:attachment":[{"href":"https:\/\/mariapaulaclothes.com\/index.php\/wp-json\/wp\/v2\/media?parent=8386"}],"wp:term":[{"taxonomy":"pwb-brand","embeddable":true,"href":"https:\/\/mariapaulaclothes.com\/index.php\/wp-json\/wp\/v2\/pwb-brand?post=8386"},{"taxonomy":"product_cat","embeddable":true,"href":"https:\/\/mariapaulaclothes.com\/index.php\/wp-json\/wp\/v2\/product_cat?post=8386"},{"taxonomy":"product_tag","embeddable":true,"href":"https:\/\/mariapaulaclothes.com\/index.php\/wp-json\/wp\/v2\/product_tag?post=8386"}],"curies":[{"name":"wp","href":"https:\/\/api.w.org\/{rel}","templated":true}]}}